of y?
2, 3
Suppose 4*y - 63 - 53 = 0. What are the prime factors of y?
29
Suppose 88 = 5*r + 5*g - 87, -4*r = -3*g - 175. What are the prime factors of r?
2, 5
Suppose 2800 - 920 = 10*d. What are the prime factors of d?
2, 47
Let l(v) be the third derivative of -v**6/120 + 2*v**5/15 + 3*v**4/8 + v**3 - 2*v**2. Let y be l(9). Let n = 9 - y. List the prime factors of n.
3
Suppose -3*i + 10 = -5. Suppose 0 = -i*m + 225 + 95. List the prime factors of m/12 - (-2)/(-6).
5
Let b(o) = 2*o**2 - 4*o + 5. Let t be b(2). Suppose -t*s = -4*s - 45. List the prime factors of s.
3, 5
Let v(x) = x**3 - 7*x**2 + 5*x + 7. Let o be 5*(3 - 2) - -1. Let z be v(o). Suppose m = 6 + z. What are the prime factors of m?
7
Let w(t) = 3*t**2 + 13*t + 2. Let r(b) = 4*b**2 + 14*b + 3. Let l(j) = 4*r(j) - 5*w(j). What are the prime factors of l(10)?
2, 3
Suppose -6*t - 20 = -t. Let s(w) be the first derivative of -2*w**2 - 4*w - 26. What are the prime factors of s(t)?
2, 3
Let f(k) = k**3 + 16*k**2 + 20*k + 16. What are the prime factors of f(-8)?
2, 23
Let d = -12 + 1. What are the prime factors of (22/10)/(d/(-55))?
11
Let v be 2/(-11) + (-262)/11. Let f = -3 - v. What are the prime factors of f?
3, 7
Let f = -6 - -8. Suppose f*a - 29 = a. What are the prime factors of a?
29
Let n(y) = 2*y**3 - 4*y**2 - 5*y + 6. Let p(t) = t**3 + t**2 + t + 1. Let v(x) = n(x) - 3*p(x). List the prime factors of v(-6).
3, 5
Let t = 46 + 37. What are the prime factors of t?
83
Suppose -3*k = -3, 2*d - 19 = -5*k + 46. List the prime factors of d.
2, 3, 5
Let m = 71 + -56. List the prime factors of m.
3, 5
List the prime factors of 12*2/((-8)/(-7)).
3, 7
Suppose -6 = 3*c - 3. Let f = c - -3. Suppose -2*n = f*n - 40. List the prime factors of n.
2, 5
Let a = 6 + -3. Let x(t) = 2 + a + t - 2. List the prime factors of x(4).
7
Let q(s) = 2*s - 2. Let t be (-5 - -9)/(2/4). What are the prime factors of q(t)?
2, 7
Let l(m) = -2*m - 13. Let f be l(-9). Suppose -f*t + t = -52. List the prime factors of t.
13
Let m = -1 + 4. Suppose 0 = m*h - 0*h - 27. What are the prime factors of h - (2 - (-2 + 2))?
7
Suppose -5*q - 131 = -26. What are the prime factors of (-131)/(-7) + (-6)/q?
19
Suppose 43 = 4*l + i, 15 = 5*l - i - 32. Suppose -z - 4 = 2*y - 6*y, 2*y + l = 2*z. What are the prime factors of z?
2
Let v = 28 + -8. Let w = 26 - v. What are the prime factors of w?
2, 3
Let x(p) be the third derivative of p**6/720 + 19*p**5/120 - p**4/12 - 2*p**2. Let z(f) be the second derivative of x(f). What are the prime factors of z(-9)?
2, 5
Let p = 20 - 17. Suppose 4*s + 26 = 3*h - 127, 5*h - p*s - 244 = 0. What are the prime factors of h?
47
Suppose -o + 2*s + 31 = 5*s, -4*o - 4*s = -108. Suppose -5*g - o + 100 = 0. What are the prime factors of g?
3, 5
Suppose a = -3 + 18. Suppose 2*r - 17 - a = 0. What are the prime factors of r?
2
Let q = 45 + -30. What are the prime factors of q?
3, 5
Suppose o - 69 = 11. List the prime factors of o.
2, 5
Let a = -9 + 25. Suppose 5*y - 3*t - 17 - 76 = 0, -4*t + a = 0. What are the prime factors of y?
3, 7
Suppose -26*r + 22*r + 96 = 0. What are the prime factors of r?
2, 3
Suppose -3*m = j - 78, -j - j + 146 = m. List the prime factors of j.
2, 3
Let v = 246 + -106. What are the prime factors of v?
2, 5, 7
Let c(h) = 2*h**2 - 5*h - 3. List the prime factors of c(-3).
2, 3, 5
Suppose 0 = 5*z - 107 + 22. What are the prime factors of z?
17
Suppose -3*d + 4*d + 10 = 0. List the prime factors of 4/d*(-1 - 9).
2
Suppose 39 = -3*j + 6. Let k = j + 1. List the prime factors of (-6)/k - (-96)/15.
7
Let n(f) = 2*f**2 - 9*f - 2. Let r(h) = h + 7. Let l be r(0). List the prime factors of n(l).
3, 11
Suppose -2 = -3*c + 4. Suppose -y - 2*r - c = 1, 0 = -2*y - 2*r. Suppose -3*z + 8 = 5*x - z, -3*x = y*z - 3. List the prime factors of x.
2
Let v be 6/((-3)/(-1)) - 73. Let d = 114 + v. Suppose 4*c = i + d, 3*c - 10 = 3*i + 20. List the prime factors of c.
11
Suppose 4*u + 4*q = 182 + 290, 4*q = -4. Suppose -h = 5*z - 57, u + 51 = 5*h + 2*z. Suppose 4*b - h = 16. List the prime factors of b.
2, 3
Let t be (13 + -4)*1/(-3). List the prime factors of (10/(-3) - t)*-27.
3
Let j(k) be the first derivative of 3*k**2/2 + 2. List the prime factors of j(3).
3
Suppose 0 = 2*i - i - 24. What are the prime factors of i?
2, 3
Let m(w) = w**2 + 14*w + 27. What are the prime factors of m(-17)?
2, 3, 13
Let n(p) = p**2 - 6*p + 1. Suppose 5*q + 5*s - 35 = s, 0 = -5*s. List the prime factors of n(q).
2
Suppose 0 = 3*p + 5*a - 636, 4*p - 831 = a - 2*a. What are the prime factors of p?
3, 23
Let s(v) = v**2 + 3*v + 3. What are the prime factors of s(5)?
43
Suppose -16*y + 4*y = -396. List the prime factors of y.
3, 11
Suppose q = -4*z + 1, 4*z + 2*q = 6*z - 8. Let n be z + (-3 - -4) - 9. List the prime factors of (-2)/6 - n/3.
2
Suppose -14 = -3*x - 2. Let z(s) = 6*s**2. Let v be z(-3). Suppose 2*r - x*k = -7*k + 41, 3*r + 2*k = v. List the prime factors of r.
2
Suppose -4*y + 30 = 2*q - 0*y, 2*y - 36 = -4*q. Let f(p) = 5*p - 12. What are the prime factors of f(q)?
23
Let f be (-6)/4*56/(-21). Suppose 3 + 5 = f*p. Let x = 10 + p. What are the prime factors of x?
2, 3
Let o = 2 + 2. Suppose 13 = l + 3*c, o*l + 4*c - 43 = -l. What are the prime factors of l?
7
Let x = -45 + 76. What are the prime factors of x?
31
Let c be 8/2 + 0/4. Let q = c + -5. Let p(f) = 6*f**2 + 1. List the prime factors of p(q).
7
Let a = 2 + 6. List the prime factors of a.
2
Let h(g) = g**2 + g + 7. What are the prime factors of h(7)?
3, 7
Let u be 6/(2 + 72/(-39)). Suppose -3*z + 0*z = -u. What are the prime factors of z?
13
Let o = 1 + -1. Suppose 2*s - 16 = -2. Let t = o + s. What are the prime factors of t?
7
Let y = 1 - -2. Let c(f) = f**2 - f - 4. Let w be c(y). Suppose -4*m = 3*g - w*g - 37, -5*g - 65 = -5*m. List the prime factors of m.
2, 5
Let u(t) be the first derivative of -t**4/4 - t**2/2 + 3*t + 3. List the prime factors of u(0).
3
Let v(z) = z**3 + z**2 - z + 2. Let f be v(-2). Suppose 3*n - 32 = -2*m - n, 5*m + 5*n - 60 = f. Let h = 13 - m. List the prime factors of h.
5
Let d(v) = 12*v - 21. List the prime factors of d(10).
3, 11
Let y(l) = 1. Let f(q) = -q**2 - 7*q - 2. Let u(z) = f(z) - 2*y(z). Let g be -7 + (-2 + 4 - 1). What are the prime factors of u(g)?
2
Let t = 67 - 53. List the prime factors of t.
2, 7
Let o = 81 - 12. What are the prime factors of o?
3, 23
Suppose -24 = -2*s + 2*p, 4*p = 5*s - 51 - 14. Suppose s + 15 = 4*t. List the prime factors of t.
2
Suppose -3*z - y + 119 = -0*y, 0 = z + y - 41. Let n = 19 - z. List the prime factors of (n/(-8))/((-2)/(-4)).
5
Let d(u) = 2*u**3 + 2*u + 1. Let l be d(-1). Let a(o) = -o**3 + 5*o**2 - 3*o + 1. Let k be a(2). Let v = k + l. What are the prime factors of v?
2
Let a(u) = u - 2. Let l be a(-2). Let g = l - -7. Suppose d - 20 = -g*d. List the prime factors of d.
5
Suppose h - 15 = -4*h. Suppose -h*v + 4*u + 159 = 0, -v - u + 52 = 6. Suppose -w + 3*w - v = -5*z, z - 2*w - 5 = 0. List the prime factors of z.
3
Let l = 81 - -8. What are the prime factors of l?
89
Let p be 116/(-12)*(2 - -1). Let z = 4 - p. Let k = z - 23. List the prime factors of k.
2, 5
What are the prime factors of ((-93)/15 + -5)/(4/(-50))?
2, 5, 7
Let y(x) = 50*x**3 + x**2 - x. Let c be y(1). Let s = -16 + c. List the prime factors of s.
2, 17
Let k(t) = t**2 - 3*t - 9. Suppose 22 + 24 = 5*n - h, -5*n + 41 = 4*h. What are the prime factors of k(n)?
3, 5
List the prime factors of (-2)/4*-44 - -1.
23
Let i(h) = -h**2 + 2*h + 62. List the prime factors of i(0).
2, 31
Let m(p) = -p**2 + p - 3. Let g be m(3). Suppose -y = -0*y + 4. Let w = y - g. What are the prime factors of w?
5
Let f = 78 + -17. List the prime factors of f.
61
Let t = 26 + -13. What are the prime factors of t?
13
Suppose 4*b + 9*b = 1768. What are the prime factors of b?
2, 17
Let j be 0 + 2 + -1 + 6. Let b be ((-40)/6)/((-16)/24). Let q = b - j. List the prime factors of q.
3
Suppose 5*m + 2*t - 347 = 226, -4*m - 4*t + 468 = 0. What are the prime factors of m?
113
Suppose -3*q + 34 = 10. Suppose q = 2*f + 2*f. Suppose 0 = -3*r - f*j - 0*j + 20, -4*r + 5*j = -42. What are the prime factors of r?
2
Let y = -194 + 281. What are the prime factors of y?
3, 29
Let m = 67 + -114. Let j = -34 - m. List the prime factors of j.
13
